factors of g.
3, 7
Let z = 26 - -10. List the prime factors of z.
2, 3
Let v(q) = -q**2 - 25*q - 14. List the prime factors of v(-11).
2, 5, 7
Suppose -46 + 193 = 3*f. List the prime factors of f.
7
Let f be (3/(-6)*0)/2. Let u(p) = -p + f + 0. What are the prime factors of u(-6)?
2, 3
Let g(x) be the third derivative of x**4/12 - x**3/2 - 4*x**2. Let r(d) = 7*d + 1. Let y be r(1). What are the prime factors of g(y)?
13
Suppose 27 = r - 2*r + 4*i, -63 = 3*r - 3*i. Let d = r + 24. List the prime factors of d.
5
Let p be ((-4)/6)/(4/282). Let w = -33 - p. List the prime factors of w.
2, 7
Suppose 0 = 3*j + 5*t + 9, 4 = -4*j + 3*t - 7*t. Suppose 0 = 2*c + 3*c + 10. What are the prime factors of ((-63)/(-6) + c)*j?
17
Suppose 4*t - 172 - 574 = -2*a, a + 572 = 3*t. What are the prime factors of t?
3, 7
Suppose w + 21 = 2*w - k, w - 4*k - 9 = 0. Let i = -15 + w. Let f = i - 4. List the prime factors of f.
2, 3
Let a(p) = -p**3 + 10*p**2 - 2*p - 10. Let t be a(9). Suppose -5*m + t = -2. List the prime factors of m.
11
Let v(x) be the second derivative of 4*x**3/3 - x**2 + 4*x. List the prime factors of v(2).
2, 7
Suppose 3*x = 5*f + 934, 2*f = f + 4. List the prime factors of x.
2, 3, 53
Let m(z) = -15*z. Let f be m(-3). Suppose -3*h + 8*h = f. List the prime factors of h.
3
Let n(r) = -r**3 - r**2 - 2*r. Let u be n(-3). Let a = 6 + u. Suppose -a = -2*v - 3*g, v + 5*g - 22 = -0*v. What are the prime factors of v?
2, 3
Suppose 5*p - 8*p + 6 = 0. What are the prime factors of 1/p - 264/(-16)?
17
Let y be (-12)/(-10)*20/(-6). What are the prime factors of 2/(y - -2) + 18?
17
Suppose -5*d - 4 - 1 = 0. Let w be -1*(1 - d) + 5. Let p = 3 + w. What are the prime factors of p?
2, 3
Suppose -3*t = -3*c + 5*c, 4*t + 7 = -5*c. Suppose -249 = -t*z - z. Suppose 5*x + 3*r = -33 + z, -5*x = r - 60. List the prime factors of x.
13
Let t(f) = -f**3 - 5*f**2 - 5*f - 2. Let b be t(-4). What are the prime factors of (18/(-4))/(b/(-4))?
3
List the prime factors of 1/(0 + -3 + (-822)/(-273)).
7, 13
What are the prime factors of (978/(-9))/((-2)/3)?
163
Let h(w) be the first derivative of w**4/4 - 2*w**3 + 2*w**2 - 9*w - 6. Suppose 4*t + 4*u = 44, -2*t + 2*u + 1 = -1. What are the prime factors of h(t)?
3, 5
Suppose 13 = 2*q + 5. Let x = q + 12. List the prime factors of x.
2
Suppose -6*y = -2*y - 48. List the prime factors of y.
2, 3
Let l = -20 - 0. Let t = -3 - l. What are the prime factors of 1/3*(-5 + t)?
2
Suppose 4*x = 3*o - 489, -4*x = -4*o + 5*o - 147. What are the prime factors of o?
3, 53
Let u be (-1)/(-2) - 9/(-6). Let m(g) = -g + 4. Let z(x) = -2. Let w(a) = -2*m(a) - 5*z(a). List the prime factors of w(u).
2, 3
Suppose y - 35 = -6. List the prime factors of y.
29
Let d = -8 - -5. Let u(r) = r**3 + 4*r**2 - 2*r + 3. What are the prime factors of u(d)?
2, 3
Suppose 2*k - 5*s + 2 = 0, 5*s - 4 - 6 = 0. Suppose k*l - w = -9 + 152, 3*l - w - 108 = 0. List the prime factors of l.
5, 7
Suppose -132 = 3*u - 9*u. What are the prime factors of u?
2, 11
Let r(f) = 35*f - 18. What are the prime factors of r(7)?
227
List the prime factors of (-6)/(-2) - (-6 - 24)/1.
3, 11
Let l = 8 + -2. Suppose -3*t + 4*b = -31, -4*t + l = -b - 18. List the prime factors of t.
5
Suppose -3*w + 4*w = 3. Suppose x + 1 = 2*v - 0, -5*v = 3*x + w. Suppose -3*s + y + v*y = -20, 34 = 4*s - 5*y. What are the prime factors of s?
2, 3
Let t(f) = 4*f**2 + f. What are the prime factors of t(-4)?
2, 3, 5
Let t = 8 - 6. Let j(n) = -10*n**2 + 4*n - 2. Let v be j(t). Let f = v - -50. What are the prime factors of f?
2
Let a(b) = 3*b**2 - 2*b + 1. Let s be a(4). Suppose -4*q + 1 = s. Let p = 15 + q. List the prime factors of p.
5
Let j = 197 - 80. What are the prime factors of j?
3, 13
Suppose 385 + 210 = 5*w. What are the prime factors of w?
7, 17
Suppose 0 = -5*r - 5*d - 30, 5*d = 3*r + 2*d. What are the prime factors of 3/3 + (-1 - r)?
3
Let p(u) = -u**2 + 3*u + 2. Let l be p(3). Suppose -2*z - 18 = -l*m, -5*m + 15 = z - 6. What are the prime factors of m?
5
Let o = -12 + 17. Suppose -2*v = 0, -v = -o*b - 0*b + 15. List the prime factors of b.
3
Suppose -6 = -m - 2*m. List the prime factors of (m/5)/((-1)/(-25)).
2, 5
Suppose -y = -g + 145, -g + 3*y + 133 = -2*y. What are the prime factors of g?
2, 37
Let z = 618 + -240. What are the prime factors of z?
2, 3, 7
Let m(t) = -t**2 - 3*t. Let y be m(-6). Let a = 19 - 19. Let l = a - y. What are the prime factors of l?
2, 3
Let l(f) = 2*f - 11. Let k be l(8). Suppose k = 2*r - 17. What are the prime factors of r?
11
Let s(j) = 0*j - 3*j - j + 4*j**3 - 5*j**3. Let i be s(-3). What are the prime factors of -2*i/(-6) - 0?
13
Let i(f) = -f**3 + 7*f**2 - 4*f - 7. Let q = 0 + 5. What are the prime factors of i(q)?
23
Let m(b) = -3*b**2 - 2*b + 1. Let j be m(1). List the prime factors of 0 + (2 - (3 + j)).
3
Let t = -68 + 123. List the prime factors of t.
5, 11
Let t(c) = -c**3 - 5*c**2 - 6*c - 1. Let s be t(-4). Suppose 5*y - s*v + 3*v = 49, -2*v = -2*y + 20. What are the prime factors of y?
3
Suppose -3*y + 66 = -51. List the prime factors of y.
3, 13
Let x(k) = -6*k - 1. Suppose -10 = -2*b - f, -b = b + 2*f - 14. Suppose 0 = -q - 2*q - b. List the prime factors of x(q).
5
Suppose b + 225 = 4*a - 2*b, -3*a + 5*b + 155 = 0. What are the prime factors of a?
2, 3, 5
Let v = -2 + 6. Suppose -4*j + 9*j - v*x = 3, 0 = -2*x - 4. What are the prime factors of 1*(j + 3 - -8)?
2, 5
What are the prime factors of (22/6)/((-1)/(-9))?
3, 11
Let q(n) = -n**3 + 6*n**2 + 9*n + 5. Suppose -3*p + 42 = 3*p. List the prime factors of q(p).
19
Let o(s) = -2*s**3 + s**2 + s. Let i be o(-1). Let t be -4 + 14 + (1 - i). Suppose j + 2*z + 3*z = -t, 4 = -z. What are the prime factors of j?
11
Let f = 3 - 5. Let k(y) = -y**3 - 5*y**2 - y + 4. Let v be k(-3). List the prime factors of -2 + 2 + f - v.
3
Let q(m) = 4*m**2 - 4 - 3*m**2 - 1 + m**2 + 12*m. What are the prime factors of q(-9)?
7
Let o = 8 + -4. Suppose o*r = -2*j + 80, -r + j - 4*j = -30. What are the prime factors of r?
2, 3
What are the prime factors of (-1 + 0)/((-1)/6)?
2, 3
Let d(l) = -l + 16. What are the prime factors of d(10)?
2, 3
Let n(a) be the third derivative of a**2 + 0 + 0*a + 1/24*a**4 + 11/6*a**3. List the prime factors of n(0).
11
Let m(a) = -24*a + 2. Let r be m(-3). Suppose -k + r = k. List the prime factors of k.
37
Let c(t) = -t**2 - 8*t + 7. Let x be c(-7). Let q(m) = m**2 - 14*m + 8. What are the prime factors of q(x)?
2
Let m(l) = -67*l + 6. What are the prime factors of m(-4)?
2, 137
Suppose 2*s = 16 + 8. List the prime factors of s.
2, 3
Let s(d) = d**2 + 1. Let g be s(-2). Suppose 0 = -g*b + 20, 2*b = -o + 42 + 3. What are the prime factors of o?
37
Suppose 0 = g + 5*y + 3, 0*y - 3*y + 9 = -3*g. Let f(k) = -2*k**2 + 3. Let o be f(g). What are the prime factors of 4/(-8) + o/(-2)?
7
List the prime factors of -1 - (4 - 1 - 193)*1.
3, 7
Let z(b) = b**2 + 8. Let o be z(0). Suppose 3*s - 6 = -2*q, -4*s + 0*s - q = -o. Suppose 4 = -s*k - 4*m - 2, -5*k + 4*m = -27. List the prime factors of k.
3
Let q(c) = -c**3 + 9*c**2 - 5*c - 2. Let y be q(8). Let g be (-3)/15 + y/10. Suppose 0 = g*i - 7*i + 25. List the prime factors of i.
5
Suppose 2*k = 10, 49 = 2*f - f - k. List the prime factors of f.
2, 3
Let n(s) = -s**3 - s**2 + 3*s + 5. Let r be n(0). Let y(a) = -a**3 + 5*a**2 + 4*a - 5. Let t be y(4). Suppose -r*l = -23 - t. List the prime factors of l.
2, 5
Let t be (-1 + -1)*(-6)/(-3). Let w = 3 + t. List the prime factors of (w + -1)*2/(-2).
2
Let k(w) = 4 - w - w + 5*w - 2*w. What are the prime factors of k(2)?
2, 3
Let f(g) = g**3 - 9*g**2 + 2*g - 12. Suppose 19 = 3*i + 4*t, -4*t + 19 = -3*i + 54. List the prime factors of f(i).
2, 3
Suppose 12 = 2*p - 16. List the prime factors of p.
2, 7
Suppose -5*s + 0*s = -485. List the prime factors of s.
97
Let l(n) = n**3 - 2*n**2 - 3*n + 3. Let t = 9 - 6. Let o be l(t). Suppose -2*b = -o*b + 2. List the prime factors of b.
2
Let h(z) = 3*z - 3. Let r be h(2). Suppose -j = -k + 6, 2*j - 17 = -r*k + 4*j. Let w = k - -14. What are the prime factors of w?
19
Suppose 6*s + n - 4 = 5*s, s - 22 = 5*n. Suppose 5*a - 4 + 0 = 2*h, -h - 2 = 4*a. Suppose c = 4*b - 25 - 3, b + 5*c - s = a. What are the prime factors of b?
7
Let n be (70/20)/(1/10). Let y = n + -21. Suppose